)/((-3)/(-51))?
7
Let l be (-2)/(-4) - (-2115)/10. Suppose -17*b = -3528 - l. What is the tens digit of b?
2
Let r be (22/(-2) + 2)/(2 - 1). Let b = r - -86. What is the tens digit of b?
7
What is the thousands digit of (-507)/26*(-54 + 0)?
1
Suppose 58 - 10 = 3*k. What is the tens digit of ((-188)/k)/(35/20 + -2)?
4
Let i = -890 + 3547. What is the hundreds digit of i?
6
Let m be 1*-2 - 4/(-2). What is the tens digit of 47 + 6 - (m + 3)?
5
Let b = -10 - 2. Let j be (-15)/b*(-616)/(-2). Suppose 3*x = -4*x + j. What is the tens digit of x?
5
Let d(g) = 2*g - 3 + 6*g - 2 - 3*g. What is the tens digit of d(9)?
4
Let h = -14 - 2. Let m be ((-18)/(-12))/(2/340). What is the tens digit of m/12 - (-4)/h?
2
Suppose 48*a = 4*p + 52*a - 4588, 2*p - 2289 = 3*a. What is the units digit of p?
6
Let j(a) = -79*a**2 - 6*a - 2. Let d be j(-2). Let p = 475 + d. What is the units digit of p?
9
Let f(r) = 2*r**3 + 27*r**2 + 20*r + 1. What is the hundreds digit of f(-11)?
3
Suppose 4*q = o - 38, 3*q + 165 = 6*o - 2*o. What is the tens digit of (36/o)/(1/14)?
1
Let o(t) = 20*t**3 + 9*t**2 - 3*t + 0*t - 2 - 19*t**3. What is the tens digit of o(-5)?
1
Let w(f) = f**3 + 4*f**2 + 2*f + 7. Let b be w(-3). Suppose -2*l - 4 = b. Let s(i) = 2*i**2 + 10*i + 8. What is the units digit of s(l)?
6
Suppose 3*z - 83 = 985. What is the tens digit of z?
5
Let c(b) = b**2 + 5*b + 17. What is the units digit of c(-4)?
3
Suppose l - 3 = -2*b, 3*b = 2*l + l + 27. Let a = -11 - -15. Suppose -5*x - 78 = -a*q - 3*x, b*q - 4*x - 76 = 0. What is the tens digit of q?
2
Let p be (-197 + -2)/((-1)/((-3)/3)). What is the units digit of (-18)/9 + (2 - p)?
9
Suppose 0 = -4*o + 211 - 283. Let n(r) = -16*r - 10. What is the hundreds digit of n(o)?
2
Let g(w) = -w**3 - 14*w**2 - 13*w + 15. Let m(z) = z - 5. Let j be m(-8). What is the units digit of g(j)?
5
Let k(v) = 2*v - 2. Let y be k(2). Suppose 0 = -y*r - 3*r. Suppose l - 6*l + 90 = r. What is the units digit of l?
8
Suppose -3*h = -4*u - 15, -10*u = -7*u. Suppose 0 = -5*c + 3*m + 91, h*m + 2 = -c + 9. What is the units digit of c?
7
Suppose 2*m + 3 = n, 9 = -m + 6*m + 3*n. Let x(p) = -6*p + 151. What is the units digit of x(m)?
1
Let k be -6*(-3)/9*1. Let z be (-4)/3 - 11/(-33). What is the tens digit of k*(0 - z)*7?
1
Suppose 5*r - 341 = 4*c, 3*r + 4*c - 244 = -r. Suppose 0 = 7*s - r + 16. What is the units digit of s?
7
Suppose 6*o - 192 = -10*o. What is the units digit of o?
2
What is the hundreds digit of (-221739)/(-189) - 4/18?
1
Suppose c = -21 - 2. Let o = 29 + c. What is the units digit of o?
6
Let i = 24 - 17. Let z = 62 - 7. Suppose -o = -i - z. What is the tens digit of o?
6
Let h(t) = 3*t + 7. Let x(m) = 8*m + 22. Let o(c) = 11*h(c) - 4*x(c). Let q be o(12). What is the tens digit of (7 - q)*68/12?
3
Let r = 15 - 19. Let t(k) = -42*k**2 - k + 1. Let p(g) = 43*g**2 + g - 1. Let m(f) = r*t(f) - 3*p(f). What is the units digit of m(1)?
9
What is the hundreds digit of (-59650)/(-40) - (-3)/24*-2?
4
Suppose -21*f + 3657 = -18*f. What is the tens digit of f?
1
Let c(r) = 96*r**3 + 2*r**2 + 8*r + 7. Let w(k) = 97*k**3 + 2*k**2 + 9*k + 8. Let b(l) = -6*c(l) + 5*w(l). What is the units digit of b(-1)?
0
Let k be 2 + -2 + 229 + -1. Let w = 374 - k. What is the hundreds digit of w?
1
Suppose 778 = 3*k + x, k + 1028 = 5*k - x. What is the tens digit of k?
5
Let g be (3 + ((-63)/6)/7)*2. Suppose -k + 2*k + 4*d = 71, 0 = -g*d + 9. What is the tens digit of k?
5
Let p = 38 + -27. Suppose -p = d - 5. Let l(u) = u**2 - u - 5. What is the units digit of l(d)?
7
Let y(m) = 140*m**3 + m**2 - m. Let g be y(1). Let a = -49 + g. What is the tens digit of a?
9
Let z(s) be the first derivative of 5 + 5*s + 6 - 7*s**2 - 5*s**2 - 2. What is the tens digit of z(-2)?
5
Let o(u) = u**3 + 54*u**2 + 73*u - 1. What is the tens digit of o(-51)?
7
Let m = 581 - 335. Suppose -w + 133 = 2*p, -4*w + 6*w - p - m = 0. What is the units digit of w?
5
Suppose 0*n = 3*n + 5*t - 202, -2*t = 3*n - 214. Let h = -28 + n. Suppose 0 = -3*q + 4*g + 89, 2*q + 0*q - h = -4*g. What is the units digit of q?
7
Let m(t) = 4*t + 19. Let p be m(5). Suppose p*k - 41*k + 208 = 0. What is the tens digit of k?
0
Let x = -87 - -90. What is the units digit of 226 - (8/(-4) - x)?
1
Let q(p) = 2*p**3 - 4*p**2 - p - 1. Let d be q(2). Let k = 37 + d. What is the tens digit of k?
3
What is the units digit of (4 + 1)*(46920/(-25))/(-8)?
3
Let c = 11 + 77. Let o = c + -6. What is the tens digit of o?
8
Suppose -9*t + 2178 = -3*t. What is the tens digit of t?
6
Suppose 70*k - 2*l + 2235 = 75*k, -5*l = -4*k + 1788. What is the units digit of k?
7
Suppose t + 5 - 1 = 4*q, 3*q - 3 = 0. Suppose t = 2*w - 10 - 92. Suppose -k + 4*k - w = 0. What is the tens digit of k?
1
Let n(a) = 3*a**2 - 13*a - 18. What is the tens digit of n(7)?
3
Let f(w) = -w + 10. Let z be f(5). What is the tens digit of ((-5)/(-3))/z*87?
2
Let d(f) = f**3 - 17*f**2 + 4*f + 3. Let n be d(18). Suppose 33 = 3*j - n. What is the units digit of j?
4
What is the thousands digit of 10/30 - 13652/(-3)?
4
Suppose m + 1 = 0, 0*i + 5*m = 5*i - 295. Suppose -57*q = -i*q + 250. What is the units digit of q?
0
Suppose -2*h + z - 75 = 0, -3*h + 190 = -8*h + 5*z. Let c = 53 - h. What is the tens digit of c?
9
Let w = 2879 + -63. What is the tens digit of w?
1
Let x(h) = 73*h**2 + 3*h + 16. What is the hundreds digit of x(-4)?
1
Let c be ((-51)/6 - -4)*(-2)/(-3). What is the units digit of 131/((-1)/3*c)?
1
Let t be 841/(-145) - (-1)/(-5). What is the units digit of ((-28)/t)/(-1 - (-462)/450)?
5
Suppose 3*b - 4*b + j - 76 = 0, -2*j + 233 = -3*b. Let s = -22 - b. What is the tens digit of s?
5
Suppose -2*j + 1396 = -5*h, 3*h = 3*j - 2204 + 92. What is the units digit of j?
8
What is the units digit of 0/(-2) + (-23 - -830)?
7
What is the units digit of (-18385)/(-25) - (-6)/10?
6
Let d(t) = 1122*t - 24. Let v be d(7). Let h be v/40 + 3/(-4). Suppose -14*j = -9*j - h. What is the tens digit of j?
3
Let k(c) = 464*c + 209. What is the hundreds digit of k(6)?
9
Suppose -6*t - 2 = -7*t. Suppose -t = -s + 3. Suppose -5*u = 4*f - 28, 3*u - 10 = -s*f - 1. What is the units digit of u?
8
What is the units digit of (1332/16)/(-3)*868/(-21)?
7
Let y(w) = -w**2 - 8*w - 3. Let v be y(-6). Let h be 6/v + 152/(-3). Let z = 84 + h. What is the units digit of z?
4
What is the units digit of (-902648)/(-216) + 6/81?
9
Suppose -2*o + 0*o + 4 = 0. Let u be (20/2 - o)/2. Suppose 211 - 31 = u*m. What is the units digit of m?
5
Suppose -3*o = -2*k + 172, 380 = 5*k + 4*o - 27. Suppose -3*g - p + k = 0, 2*p + 0*p + 114 = 4*g. What is the tens digit of g?
2
Let u(m) = m**2 + m + 1. Let r(g) = -4*g**2 - 7*g - 30. Let b(i) = -r(i) - 3*u(i). What is the units digit of b(0)?
7
Let b be 3*(5 + -2) - (10 - 10). Let l = 1 + 0. Let s = b + l. What is the tens digit of s?
1
Let m be 9/18*12/2. Suppose -2*d + v = 0, -3*d + v - m*v = 0. Suppose d = f - 15 - 13. What is the units digit of f?
8
Suppose 2*p = -2*q + 14, 0 = -2*p + 5*q - 2*q - 11. Let a = -7 + p. Let y(j) = j**2 - 2*j - 6. What is the units digit of y(a)?
9
Let h(y) = 16*y**2 + 26*y - 5. What is the hundreds digit of h(7)?
9
Let z(l) = l**3 + 2*l + 4. Let k be z(-3). Suppose 0 = -2*q - 35 - 9. Let f = q - k. What is the units digit of f?
7
Suppose 10 - 6 = s. Suppose -486 = -2*o - s*o. What is the units digit of o?
1
Suppose -5*i - 20 = 0, 0*v - 5*v + 5142 = 2*i. What is the thousands digit of v?
1
Let y = -605 + 1858. What is the hundreds digit of y?
2
Suppose 69*r - 70*r + 928 = 0. What is the tens digit of r?
2
Suppose -2*y = -7*y + 190. Let x = -11 + y. What is the units digit of x?
7
Let d(c) = c**2 + 17*c - 25. Let m be d(-18). Let a(x) = -18*x + 3. What is the units digit of a(m)?
9
Let v(x) = -25*x - 170. What is the hundreds digit of v(-32)?
6
Suppose 3*v - 9*v + 30 = 0. Let a(q) = -4*q**2 - v*q + 4*q**2 + 13 - 8*q + q**2. What is the units digit of a(12)?
1
Let n be 11308/(-154) - (-4)/(-7). Let z = 151 + n. What is the tens digit of z?
7
Suppose 4*u + 3275 = 5*k - 3587, 0 = 3*k - u - 4120. What is the thousands digit of k?
1
Suppose -q - a = -2127, -2*q + 5*q - 2*a = 6356. What is the hundreds digit of q?
1
Let z(r) = r + 2. Let j be z(1). Suppose u - 248 = -j*u. What is the units digit of u?
2
Suppose y